when 33 is divided by y?
16
What is the remainder when (-46 - (7 - 1) - 0)*(-111)/6 is divided by 98?
80
Let i = -130 - -136. Let c = 1 + 4. Calculate the remainder when 2/(i - 1 - 220/45) is divided by c.
3
Let x(b) = -2*b**3 - 3*b**2 - 3*b. Let d be (-24)/(-180) - ((-182)/(-15) + 0). What is the remainder when (-14586)/136*d/9 is divided by x(-3)?
35
Suppose 2*d + 534 = 5*d. Let i = -46387 - -46433. Calculate the remainder when d is divided by i.
40
Let a(g) = 8*g**2 - 11*g - 27. Let i = 27 + -30. Let z be a(i). Let n = 94 - z. What is the remainder when 44 is divided by n?
12
Let q = 67 + 1. Suppose -69*o + q*o = -3. Calculate the remainder when 11 is divided by o.
2
Suppose -349 - 327 = 4*x. Let r be x/(-26) + 6/(-4). Suppose 2*l - l + 129 = 2*i, 330 = 5*i + r*l. Calculate the remainder when i is divided by 17.
14
Let m(b) = -33*b**3 - b - 1. Let c = 84 + -74. Suppose 0 = -c*q + 12*q - 110. Calculate the remainder when q is divided by m(-1).
22
Let y(g) = 10*g - 36. Let i be y(4). Suppose 3*t + t - 318 = 2*h, i*t + 5*h - 325 = 0. Suppose 5*r + t = 10*r. Calculate the remainder when r is divided by 2.
0
Suppose -x - 3*y + 0 = -3, 5*y - 19 = 3*x. Let f = x + 44. Calculate the remainder when 122 is divided by f.
40
Suppose -l + 3*l = 2, -k + 4*l + 4 = 0. Let f = k - 7. Suppose 3*p = -73 + 79. What is the remainder when p is divided by f?
0
Let x(m) = 5*m - 8. Calculate the remainder when x(9) is divided by 2 + (13 - 1) + (9 - 13).
7
Calculate the remainder when 482 is divided by 99/(-297)*3/1*(-76 - 1).
20
Suppose -20*c + 47*c + 51*c = 31668. What is the remainder when c is divided by 39?
16
Suppose 5*k - 42 = 2*f, -12*f + 13*f + 12 = 4*k. Let x be (-4)/18 - 6676/9. Calculate the remainder when x/(-18) + -2 - (-8)/f is divided by 15.
9
Suppose 84*n - 3766 + 5143 = 13473. Calculate the remainder when n is divided by 30.
24
Let y(q) = q**3 + 27*q**2 - 30*q - 12. Let f = -266 - -238. Calculate the remainder when 130 is divided by y(f).
42
Let v(m) = -218*m**2 + 1784*m + 18. What is the remainder when 340 is divided by v(8)?
2
Let v(y) be the third derivative of 2*y**4 - 35*y**3/3 + 13*y**2 + 2*y. What is the remainder when v(9) is divided by 28?
26
Suppose -4*t - 4*a = -276, 35*t = 32*t + 3*a + 195. What is the remainder when t is divided by 29?
9
Suppose 7*f - 2 = -9. Let a(i) = -58*i**2 + 3*i + 1. Let x be a(f). Calculate the remainder when (-15)/x + (-230)/(-8) is divided by 17.
12
Let j = 196 - 187. Suppose 3*n = j*r - 11*r + 42, 5*r = -2*n + 17. Calculate the remainder when 53 is divided by n.
5
Let u(n) = n**3 - 8*n**2 + 6*n - 9. Let o be u(7). Let w = o - -99. Calculate the remainder when w is divided by (-2)/12 - (-9 + (-3075)/90).
40
Let l(r) = -r**2 - 4. Let d be l(-8). Suppose -61*n - 10*n = -1349. What is the remainder when 17/d + 898/8 is divided by n?
17
Suppose -6*t = t + 8*t - 14535. What is the remainder when t is divided by 10?
9
Let f(d) = d**3 + 11*d**2 + 15*d + 2. Let x be f(-12). Let j = x + 331. What is the remainder when 25 is divided by j?
7
Suppose -4*m + 613 = 5*f, -f - 2 = 1. Let n = 165 - m. What is the remainder when 36 is divided by n?
4
Let w be (-36)/(-10) + -6 + 135/25. Suppose w*g - 60 = 63. What is the remainder when 120 is divided by g?
38
Let u be (-14 + 4)/(-2) - 3. Suppose 56 = -u*a - 5*a. Let t(i) = -i + 29. Calculate the remainder when t(a) is divided by 20.
17
Let u(l) = 299*l - 772. Calculate the remainder when u(7) is divided by 4.
1
Let x(d) = 1. Let w(c) = 29*c - 3. Let z(p) = w(p) - 2*x(p). Let v be z(3). Let r = v + -58. Calculate the remainder when 47 is divided by r.
23
Let i be 13064/20 + 4/(-20). Suppose 4*s - s - 2*o = 481, 4*s - i = 5*o. Calculate the remainder when s is divided by 20.
17
Let f(j) = 4*j**2 + 6*j - 3. Suppose 14*h - 254 = -128. Calculate the remainder when f(-3) is divided by h.
6
Let t = -533 - -1525. What is the remainder when t is divided by 325?
17
Suppose -12 = -2*c, 793*c - 790*c = 2*y - 27368. Calculate the remainder when y is divided by 107.
104
Let g(a) = -9*a**2 - 6*a - 2. Let f be g(5). Let h = 279 + f. Let w = 308 - 201. Calculate the remainder when w is divided by h.
19
Suppose n - 5*q = 24, -n + q = -4 - 8. Let c be ((-3)/6)/((-2)/12). Let o = n + c. What is the remainder when 21 is divided by o?
9
Suppose -2*g - 3*g = -3*d - 389, 0 = -2*d - 3*g - 291. Let f be -263*(9/(-3) + 2). Let p = f + d. Calculate the remainder when p is divided by 32.
29
Let v(g) = -99*g**3 + 1. Let k be v(-1). Suppose k = 6*z - z. What is the remainder when ((-9)/(-27))/(2/594) is divided by z?
19
Let y = -19512 - -19540. What is the remainder when 5682 is divided by y?
26
Let u = 130 - 29. What is the remainder when u is divided by 396/24 + 3/(-2)?
11
Suppose -2*t = s - 123, -t - 132*s + 79 = -128*s. Calculate the remainder when 3418 is divided by t.
55
Suppose 0 = 4*u - 5*y, u + 3*y = -y. Suppose -r = -u*r - 32. Calculate the remainder when 58 is divided by r.
26
Suppose 5*b - 31 = 102*k - 106*k, 3*b = 3*k + 51. Calculate the remainder when 5497 is divided by b.
8
Let m(g) = -9*g + 22. Let b be m(5). Let r(o) = 2*o + 26. Let j be r(b). Let n = j + 77. Calculate the remainder when n is divided by 10.
7
Suppose 65 = 8*g - 103. Suppose g + 21 = 2*k. Let a = -45 + 83. What is the remainder when a is divided by k?
17
Suppose 4*p - 27 = -3*m, 4*p = -3*m + 3*p + 18. Suppose -3*a - 180 = 23*k - 3601, 5*a = -10. What is the remainder when k is divided by m?
4
Let t(s) = 2*s**2 + 2*s + 7. What is the remainder when t(11) is divided by ((-871)/(-402))/(1/6)?
11
Suppose 68 = 4*h + 5*j, -28 + 0 = -3*h + 2*j. Let w be (-4 - 0 - 6237/27) + -2. Let d = 244 + w. What is the remainder when h is divided by d?
5
Suppose 123 = o - 3*s, -221*o - 3*s = -217*o - 507. Calculate the remainder when o is divided by 53.
20
Let q = 622 + -612. Suppose -2*d + o = -196, q*o - 5*o + 204 = 2*d. Calculate the remainder when d is divided by 33.
31
Suppose 66 = 3*y - 2*r, -5*y + 5*r + 280 - 175 = 0. Calculate the remainder when 180 is divided by y.
12
Suppose -4270 = 5702*c - 5772*c. What is the remainder when 487 - (0 - -2 - 1) is divided by c?
59
Suppose 3*t = 9, 4*t + 23 = 4*c + 15. Let p(u) = 2*u**3 + u**2 - 15*u - 7. Calculate the remainder when p(c) is divided by 52.
37
Let z = -90 + 94. Suppose 4*o - 20 = -4*q, 0 = 3*o - z*o + 1. Suppose 10*m - q - 86 = 0. Calculate the remainder when 44 is divided by m.
8
Suppose 94*g - 103*g - 2938 = -10345. What is the remainder when g is divided by 55?
53
Let c = -71 + 35. Let x = -1148 + 1082. Let t = c - x. Calculate the remainder when t is divided by 11.
8
Let p = -7 - -30. Suppose 182 = 5*w - 2*h, 174 = 5*w - 3*h - h. Calculate the remainder when p is divided by 3 - (w/(-14) + (-82)/287).
5
Let n(j) be the third derivative of -1/60*j**5 - 13/6*j**3 - 6*j**2 + 1/3*j**4 + 0 + 0*j. What is the remainder when 5 is divided by n(3)?
1
Let l = -50 + 56. Suppose 13*b = 11*b + 186. Suppose -12*d + 183 + b = 0. What is the remainder when d is divided by l?
5
Let w(z) = 3*z**2 + 16*z + 4. Let c(y) = -7*y**2 - 36*y - 8. Let h(l) = -4*c(l) - 9*w(l). Calculate the remainder when 144 is divided by h(5).
18
Let u = -16 + 15. Let m = 1 - u. Suppose -215 = -m*t - 3*t. What is the remainder when t is divided by 9?
7
Calculate the remainder when 1219 is divided by -24*11/(-176)*(820/6 + 4).
164
Let g be (-1012)/138*(1 - (-46)/(-4)). Suppose 8*k - 83 - g = 0. Calculate the remainder when 30 is divided by k.
10
Let i be 6/(-4) + 17/(-2) + 0. Let s be (-12)/i*40/12. Let x(b) = b**2 + 2*b - 11. What is the remainder when 141 is divided by x(s)?
11
Let q be (-1 + 205/4)*(-20)/(-15). Suppose 4*h + 16 = 0, 5*h + 8 = 5*c - q. Calculate the remainder when 108 is divided by c.
9
Let u be 4/7 + 20/(-35). Suppose -7*g + 16*g - 126 = u. Calculate the remainder when (-44)/(-8)*(g + 0) is divided by 40.
37
Suppose 0 = 24*v - 45 - 3. What is the remainder when 40 + (1 + (5 - v) - 3) is divided by 75/7 - (-4)/14?
8
Let w(z) = z**3 + 11*z**2 - 8*z - 33. Let j be w(-8). Suppose 255 = 4*g + j. What is the remainder when 69 is divided by g?
5
Suppose 4*t - 206 = m, 0 = 5*m - 0 + 10. Suppose 0 = -4*v + 16, 10*v - 8*v = -3*i - 79. Let d = i + t. Calculate the remainder when 85 is divided by d.
19
Let m be (7/(